f 14 and a?
7
Let g be 5 + 6/(-2) - -2. Suppose -q = g*q - 675. What is the highest common factor of q and 15?
15
Let y = -98 + -24. Let f = y - -222. What is the greatest common divisor of 10 and f?
10
Let w be (1/2)/(4/56). Suppose 2*u = w*u - 50. What is the highest common divisor of u and 10?
10
Suppose 14*i - 6*i - 48 = 0. Suppose 4 = 2*c - 4. What is the highest common factor of i and c?
2
Let h(l) = -9*l - 3. Let g be h(-4). Let f = g + -19. What is the greatest common divisor of f and 126?
14
Suppose 0 = -4*t - 3 + 7. Suppose -s - 3 = -4. What is the highest common factor of t and s?
1
Suppose 4*w - 87 - 9 = 0. Calculate the greatest common factor of 8 and w.
8
Let o be -21*(1 + 26/(-6)). Suppose -o = -3*l - 2*l. What is the highest common factor of l and 21?
7
Suppose 42 - 9 = 3*l. Calculate the greatest common factor of 11 and l.
11
Suppose -g - 1 = s, s = -6*g + g + 7. Let q = 64 + -62. Suppose -v = -g*v + q. What is the highest common divisor of v and 16?
2
Let l = -9 + 2. Let t(y) = -2*y + 8. Let z be t(l). Suppose 3*n - n = z. What is the greatest common divisor of 44 and n?
11
Let n be ((-4)/6)/(14/(-21))*8. Let d be 6126/21 + (-4)/(-14). Suppose -j = 3*j + 2*h - 286, 4*j - d = 4*h. What is the highest common factor of n and j?
8
Let l = -115 - -195. What is the highest common divisor of 16 and l?
16
Let x = 76 + -36. Let d be x*(-3)/(-6)*3. Calculate the greatest common factor of d and 24.
12
Suppose w = -5*t - w + 7, -w = -1. Let l(i) = 60*i. Let z be l(t). Let o = -9 + 24. What is the highest common divisor of z and o?
15
Suppose -5*z - 4*l + 75 = 0, 2 = -2*z + 4*l + 4. Suppose 29 + z = 4*t. Calculate the greatest common factor of 4 and t.
2
Let b be -3*3*(14 - 25). Let h be 3/(1/3*1). What is the greatest common factor of b and h?
9
Let t = -148 - -220. Calculate the highest common factor of t and 12.
12
Let s(m) = -m - 6. Let b be s(-8). Let f be 146/4 + 3/b. What is the highest common divisor of f and 95?
19
Suppose -2*h = 4*p - 4, -9*p - 2*h - 2 = -7*p. What is the greatest common divisor of 51 and p?
3
Let x(d) = 3*d - 18. Let p be x(8). What is the greatest common divisor of 15 and p?
3
Let o(c) = c + 7. Let z be o(8). Suppose 3*f - 2*f + z = 4*r, r = f + 3. Calculate the greatest common divisor of 28 and r.
4
Suppose 3*q - 210 = -3*q. Calculate the highest common factor of 35 and q.
35
Let o(x) = -5 - 2*x + 5*x - 2*x. Let g be o(4). Let a be (-1 + g)/((-2)/6). Calculate the highest common factor of a and 6.
6
Let h = 12 - 7. Suppose -3*d - 12 = -4*k, h*k + 0*k = -5*d + 15. What is the greatest common divisor of 12 and k?
3
Let d be (-2)/4*(378/(-7) - -4). What is the highest common divisor of d and 150?
25
Suppose 0 = 4*w + w - 45. Suppose 0 = -b - 1 + w. Let p be 4/4 + b/1. What is the greatest common factor of 27 and p?
9
Let j be ((-2)/2)/((-3)/6). Let m(l) = 2*l**3 - l - 1. Let h be m(j). Let i = 21 - h. Calculate the highest common factor of 8 and i.
8
Let x be ((-4)/(-5))/((-2)/(-5)). Suppose 4 = -x*r + 6*r. Suppose 0 = 4*v, -2*y + r + 21 = 3*v. What is the greatest common factor of y and 11?
11
Let k = -48 - -123. What is the highest common divisor of 30 and k?
15
Suppose 5*x - 33 = 3*h + h, -h + 48 = 5*x. Let d = 6 - 4. Let g(l) = 50*l - 1. Let f be g(d). What is the greatest common divisor of x and f?
9
Let x be 464/6 - 9/27. What is the highest common divisor of x and 7?
7
Let l be 36*(5/30 - (-3)/6). What is the highest common factor of l and 36?
12
Let k be (20/8 + -1)/(6/4). What is the greatest common divisor of 1 and k?
1
Suppose 2*h - 4 = 12. Let g = h + -6. Suppose -z - 24 = -g*z. What is the highest common divisor of 36 and z?
12
Suppose -2*w - 8 = 2*c - c, 0 = 3*w. Let o(i) = -i**3 - 7*i**2 + 6*i - 10. Let d be o(c). What is the highest common factor of d and 2?
2
Let o(u) = -3*u. Let r be o(-10). Calculate the greatest common factor of 15 and r.
15
Let g be (-572)/(-18) - 6*(-1)/27. Calculate the highest common divisor of 80 and g.
16
Let u be (0 + -6)/(27/(-450)). What is the greatest common factor of 40 and u?
20
Let u = -29 - -61. Let h be 1/(-2)*(-49 + 17). What is the highest common divisor of u and h?
16
Let r be -3*((-2)/(-1) + -3). Let b be -22*r/(-12)*4. Suppose 0 = 2*t - d - 22, -5*d + b = -5*t + 82. Calculate the greatest common factor of t and 10.
10
Let k = 193 + -127. Suppose -3*b + 0*b + 66 = 0. Calculate the greatest common divisor of k and b.
22
Let g(l) = l**2 + 6*l + 27. Let k be g(-6). What is the highest common divisor of k and 405?
27
Let x = -1 - -4. Let i be (-3)/(-1) - (10 - x). Let w be ((-6)/(-9))/(i/(-6)). Calculate the greatest common divisor of 1 and w.
1
Suppose -5*s + 5*l = 2*l + 17, 3 = 5*s + 2*l. Let r = s - -7. Calculate the greatest common factor of 4 and r.
2
Suppose 3*j = -3*l + 45, -5*j + 28 = -2*l - 12. Calculate the highest common divisor of 10 and j.
10
Let x = -69 - -117. What is the highest common factor of x and 12?
12
Let v(t) = -t**2 + 3*t. Let d be v(4). Let r = d - -7. Suppose 2*o - x = 22, -r*x = 2*o + o - 15. Calculate the greatest common divisor of 27 and o.
9
Let z be (104/12)/(2/3). Suppose 42 = 2*r - 114. Calculate the highest common divisor of r and z.
13
Let h(k) = 20*k. Let u be h(1). Suppose 3*i = -3*y + 9, 4*i - 15 = -y - 0. Calculate the greatest common divisor of u and i.
4
Let u(s) = -3*s**2 - 2*s + 7. Let b(a) = a - 1. Let f(d) = 5*b(d) + u(d). Let r be f(3). Let y = r + 22. What is the greatest common factor of 48 and y?
6
Let u be (-3)/(-7) - (-442)/14. Suppose -2*k + k - 4*m + u = 0, 2*m - 56 = -3*k. What is the highest common divisor of k and 160?
16
Let x = 40 + -20. Suppose x = -l + 6*l. What is the greatest common factor of 4 and l?
4
Let d(r) = -r**3 + 14*r**2 + 8. Let f be d(14). Let s = 17 - f. What is the greatest common divisor of 36 and s?
9
Let n be (6/(-3) - 1)*-7. Calculate the highest common factor of n and 3.
3
Suppose 5*j + 74 = 529. Calculate the greatest common divisor of j and 13.
13
Let b(t) = t**2 + 11*t + 8. Let a be b(-11). Calculate the greatest common divisor of a and 80.
8
Let m = 22 - 13. Let w = 4 + m. Calculate the highest common factor of 13 and w.
13
Suppose -2*h + 4*x = -3*h + 16, 5*h - 131 = -3*x. Let n be (-1)/((-2)/(-4)) + 6. Let u = n - -3. What is the greatest common factor of h and u?
7
Let b(d) = d**3 - 8*d**2 + 11*d - 13. Let n be b(7). Calculate the greatest common factor of 135 and n.
15
Let d be (24/(-9))/(6/(-9)). Suppose -3*p - 3*g = -2*g - 27, -d*p - g = -37. What is the highest common factor of 30 and p?
10
Let u(q) = 3*q. Let z be u(8). What is the highest common divisor of z and 6?
6
Suppose -5*h = 5*j - 10*j - 35, 4*h + 71 = -5*j. Let r be -5*j/((-55)/(-42)). What is the greatest common factor of r and 63?
21
Suppose 2*z - 6 - 10 = 0. Suppose -5*p = -p - z. Calculate the greatest common factor of p and 3.
1
Let u = 151 - 149. Suppose 2*s - 52 = -8. What is the greatest common factor of s and u?
2
Suppose 10 = -3*h - 2*h. Let z be (h + 1 - -2) + 29. What is the highest common divisor of 10 and z?
10
Suppose -3*n + 12 = n. Suppose 5*h = -2*r + 76, -r + 12 = -n*h - h. Calculate the highest common factor of 42 and r.
14
Let y be (2 - 57/(-12))*4. What is the greatest common divisor of 81 and y?
27
Suppose 2*u - 5 = -3*u. Suppose 8 - 1 = -r. Let k(m) = -m + 1. Let f be k(r). Calculate the greatest common divisor of f and u.
1
Let r be (-50)/3*12/(-10). Let i(a) = -a + 11. Let c be i(7). Suppose -r = -c*l + 12. What is the greatest common divisor of l and 20?
4
Let a = 16 - 13. What is the highest common divisor of a and 3?
3
Let t(s) = 5*s. Let h be t(1). Suppose -3*y + 25 = 4*z, y + 0*y = -h. Let u be z/25 + 38/5. Calculate the greatest common divisor of u and 1.
1
Let c(n) = -n**3 - 6*n**2 - 6*n - 5. Let s be c(-5). Suppose s*m - m + 14 = 0. Calculate the highest common factor of 98 and m.
14
Let b(k) = -k**3 - 11*k**2 - 2*k + 10. Let d be b(-11). Suppose 3*c - 76 = d. What is the highest common factor of c and 24?
12
Suppose -u = 3*o - 0*u - 7, -3*u = 5*o - 5. Let j = o - -16. Suppose 5*l + 4*p = 56, -2*p = -0*p - 8. What is the highest common divisor of j and l?
4
Let r(d) = -d**3 - 9*d**2 + 9*d - 5. Let j be r(-10). Calculate the highest common divisor of 20 and j.
5
Suppose 40 =